 = -2*u + 3*d. Calculate the remainder when u is divided by 7.
5
Let g = -117 - -232. Calculate the remainder when g is divided by (29 - 0)/((-28)/(-14))*2.
28
Suppose 2*f = 2*o - 24, 0 = 3*o + 3*f - 4*f - 46. Suppose -y = -6, -10*c + 3*y - 217 = -1359. What is the remainder when c is divided by o?
14
Let r be (-2)/(-7) + 74/(-14). Suppose 0 = k - 1 + 21. Calculate the remainder when ((-32)/k)/((-1)/r) is divided by 5.
3
Let k(g) = -4*g**2 + 4*g + g**2 - 2 + 4*g**2. Suppose 0 = -25*o + 125*o - 1500. What is the remainder when k(5) is divided by o?
13
Let b(f) = f**2 + 4*f - 203. What is the remainder when b(24) is divided by 59?
56
Suppose 4*k = 119 - 19. Let c = 28 - k. What is the remainder when 14 is divided by c?
2
What is the remainder when 797 is divided by (-399)/(-38)*4/3?
13
Suppose 5*z = 4*n + 1051, -3 - 13 = 4*n. What is the remainder when z is divided by 89?
29
Suppose -3*u - 2675 = -7*u - 3*x, x = 5*u - 3358. What is the remainder when u is divided by 84?
83
What is the remainder when 156 is divided by 110/20 + (-2)/4 - -70?
6
Suppose 2*m - 19 = -5*o, m + 3*o - 6 = 5. Suppose -m*q - 6 = -0. What is the remainder when 78 is divided by 1 - -29 - (q + 6)?
24
Let r(l) = l**3 - 3*l**2 + 3*l - 3. Let w(t) = -3*t + 3. Let s be w(0). Calculate the remainder when 15 is divided by r(s).
3
Suppose -b - 3 = 3*l - 17, -34 = -3*l + 4*b. Suppose 427 = 14*o - 21. What is the remainder when o is divided by l?
2
Suppose -4 - 6 = 2*d + 4*i, 2*d = -2*i - 4. Suppose 0 = 2*r - 4, 9*z - 2*r = 5*z + 40. What is the remainder when z is divided by (-5 - 1)*(0 - d)?
5
Suppose -r = -0*r - a - 4, 4*r - 5*a = 15. What is the remainder when 2/4 - (-1 + (-73)/2) is divided by r?
3
Let u be (-25)/10 + (-45)/10. Let a(g) = -g**2 - 11*g - 2. What is the remainder when 40*5/2 - -2 is divided by a(u)?
24
Suppose 4*m - 19*m + 675 = 0. What is the remainder when m is divided by 13?
6
Suppose 5*k - 2*k = 9. Suppose k*l = -5*l + 248. Calculate the remainder when 184 is divided by l.
29
Let z = 26 + -21. Suppose -6*j - 8 = -2*j, -2*o + 24 = z*j. Let l(v) = v**2 + 12*v + 16. Calculate the remainder when o is divided by l(-11).
2
Suppose -5*b - 59 = -a, -11 = 2*a - 4*b - 129. Calculate the remainder when 292 is divided by a.
56
Let n(v) be the first derivative of 21*v**4/4 - v**2/2 + v + 5. What is the remainder when n(1) is divided by (-11 - -5)*(-1 + -1)?
9
Let d = 381 - 64. What is the remainder when d is divided by 83?
68
Let g(d) = -3*d**2 - 6*d + 4. Let j be g(-3). Let k(t) = t**2 + 5*t - 7. Let s be k(j). Let a = s + 36. What is the remainder when 56 is divided by a?
27
Suppose 4*f + o - 15 - 18 = 0, 0 = -3*o + 15. Suppose -2*g = 3*m - 7, -2 = -m + 2*g + 3. What is the remainder when f is divided by m?
1
Suppose -94 + 190 = 2*f. Calculate the remainder when f is divided by (-14 + -4)/(4/(-6)).
21
Suppose 3*q + 7 = 31. Let m = q + -5. What is the remainder when 7 is divided by m?
1
Let a(t) = 4*t - 16. Calculate the remainder when 52 is divided by a(11).
24
Suppose 0 = -14*q - 443 + 1283. Let n = -40 + 79. Let r = q - n. What is the remainder when r is divided by 11?
10
Let z(y) = -1 - 3*y + 2 + 22*y**2 - 5 - 21*y**2. What is the remainder when 69 is divided by z(7)?
21
Let v(a) = 7*a - 3. Let w be v(6). Let m = w - 15. Let n(y) = -25*y - 330. What is the remainder when n(-17) is divided by m?
23
Suppose -2*s - 2 + 16 = 0. Let h(w) = 27*w**2 + 2*w + 1. Calculate the remainder when h(-1) is divided by s.
5
What is the remainder when 107 is divided by -33 - -33 - (-16)/2?
3
Suppose -2268 = -7*m - 5*m. Suppose -9 = 3*g - m. Calculate the remainder when g is divided by 17.
9
Suppose -8*i + 13*i = -50. Suppose 5*d - 66 = 24. What is the remainder when 3/(-1)*(i + -1) is divided by d?
15
Let q = 460 + -444. What is the remainder when 37 is divided by q?
5
Suppose 0 = -4*z - 3*o + 31, -z + 5*o + 0*o - 21 = 0. Suppose 2*n + 2*n = -2*w + 328, -5*w = z*n - 334. Calculate the remainder when n is divided by 28.
25
Let c = 30 + -28. Suppose q = 5*g - 3 + 1, -3*g - 5*q = -18. What is the remainder when (c + g)*(2 - 1) is divided by 2?
1
Suppose 2178 = 26*y + 7*y. What is the remainder when 254 is divided by y?
56
Suppose -24*l = -l - 2208. Calculate the remainder when l is divided by 21.
12
Suppose 12 = 3*w - 3. Suppose -26*a - 297 = -973. What is the remainder when a is divided by w?
1
Suppose 3*x + 32 + 15 = 2*z, -z + 2*x + 26 = 0. What is the remainder when z is divided by 6?
4
Suppose 2*h + 320 - 336 = 0. Suppose -43 = -4*g + 9. What is the remainder when g is divided by h?
5
Suppose 0 = 4*q + 3*b - 9, -4 + 3 = b. Let z(c) = 21*c - 15. Calculate the remainder when 94 is divided by z(q).
46
Let h(v) = 2*v**3 - 2*v**2. Suppose 14*t - 8*t - 12 = 0. Calculate the remainder when 30 is divided by h(t).
6
Let p = -103 - -132. Suppose 4*x - 6 = 18. What is the remainder when p is divided by x?
5
Suppose 45 = -4*r + 17. Let h = -4 - r. Suppose -w + 3*z - 89 = -5*w, 3*w = -h*z + 69. Calculate the remainder when 37 is divided by w.
17
Let v be 2*((-2187)/(-6) + -3 - 1). Let b = -429 + v. What is the remainder when b is divided by 49?
47
Let u = -66 - -93. Let f(o) = o**2 + 4*o + 3. Calculate the remainder when u is divided by f(-5).
3
Suppose 2*i - 2*f + 36 = 0, i = -4*f - 1 - 2. Let q(x) = x**3 + 14*x**2 - 16*x - 3. What is the remainder when 70 is divided by q(i)?
10
Let u(o) = o**3 + 24*o**2 - 25*o + 10. Calculate the remainder when 41 is divided by u(-25).
1
Suppose 2*x + 16 = -0. Suppose -5*a + 50 = -3*a. What is the remainder when a is divided by 2*((-156)/x)/3?
12
What is the remainder when 184*(-6 - 91/(-14)) is divided by 19?
16
Let i(d) = d**3 + 4*d**2 - 3*d + 8. Let j be i(-5). What is the remainder when 14 + 26 + j + 1 is divided by (1 - -1)/1 - -8?
9
What is the remainder when 38 is divided by 110/15 - (-4)/6?
6
Let x(y) = 32*y - 81. What is the remainder when 104 is divided by x(3)?
14
Let l be -1*(-6)/21 - (-18)/(-14). What is the remainder when 15 is divided by (4 + l)/(1/3)?
6
What is the remainder when 126 is divided by (88/(-40) - -1)/((-6)/130)?
22
Suppose 77*z - 183 = 72*z + j, -6 = 2*j. Calculate the remainder when 85 is divided by z.
13
Let g be 1 + -3 + 5 + 2. Suppose 5*b = g*l + 280, -3*b + 2*l + 32 = -137. Let r(u) = -u**2 + 20. Calculate the remainder when b is divided by r(0).
17
Let s(t) = -1 - 2*t + t + 7. Suppose 0 = -12*i + 547 - 103. Calculate the remainder when i is divided by s(-7).
11
Let x be (-40725)/(-27) + (-2)/(-3). What is the remainder when 0 + x/11 - 38/209 is divided by 23?
22
Suppose 0 = 3*q - 5*u - 35, u + 4 = -2*q + 10. Let l = 180 - 165. Calculate the remainder when l is divided by q.
0
Let l(x) = -x**3 + 6*x**2 - 4*x - 5. Let g be l(5). Suppose 92 = 2*k + 4*c, -2*k + g*k + 4*c = -60. What is the remainder when 148 is divided by k?
34
Suppose -75 = -3*d - 72. Let u(a) = a. What is the remainder when u(2) is divided by d?
0
Let p(s) be the third derivative of s**6/120 + s**5/10 + s**4/4 + s**3 + s**2. Let u = 955 - 951. Calculate the remainder when p(-4) is divided by u.
2
Let b(s) = -s + 12. Let z be b(12). Suppose z = -0*i + 5*i. Suppose 2*q - 4 - 14 = i. Calculate the remainder when 35 is divided by q.
8
Let x(n) = -n + 82. Suppose o = -0*o + 17. Calculate the remainder when x(34) is divided by o.
14
Let r be (-30)/4*20/(-25). Suppose 4*x + 2*t - 6 = 2, -1 = 3*x - 2*t. Suppose r = 5*q - 4*n, 2*n - 1 - x = 0. What is the remainder when 2 is divided by q?
0
Let d(r) = -r**3 + 9*r**2 + 5*r - 6. Let n(w) = w**3 + 11*w**2 - 27*w - 2. What is the remainder when d(8) is divided by n(-13)?
10
Let h = 77 - 71. What is the remainder when 23 is divided by -21*((-1)/(-3) + (h - 7))?
9
Let a = -394 - -497. Calculate the remainder when a is divided by 53.
50
Let a(v) = -48*v - 204. Calculate the remainder when a(-7) is divided by 24.
12
What is the remainder when 173 is divided by ((-1)/2)/(-8 + (-3017)/(-378))?
11
Let g be ((-9)/(-6))/((-6)/8). What is the remainder when g/(-8) - 51/(-4) is divided by (-18 + 13)*2*14/(-20)?
6
Suppose 12*v - 154 - 2186 = 0. Suppose a + 12*a = v. Suppose -4*q + 14 + 222 = 0. What is the remainder when q is divided by a?
14
Let t(j) = -5*j**3 - 3*j**2 - 2*j - 1. Calculate the remainder when t(-2) is divided by 7 - 1